
Calculate -15 - (64 - 37 - 71).
29
What is the value of 5 + (-12 - (22 + -3) - -43)?
17
Evaluate (-1 - 0) + -11 + 750 + -694.
44
What is -10 + -13 + (-9 + 13 - -14) + 3?
-2
Evaluate 3 + 37 + -1 + -23 + 20 - -9.
45
-5 - (-11 + 2 - 64) - 24
44
What is -155 + 105 + -83 - -81?
-52
What is -21 - -2 - (-3 + (-2 - 1))?
-13
What is -383 - -461 - (5 - -13 - -4)?
56
What is (67 + -27 - (-2 - (4 - 2))) + 4?
48
Calculate 0 - (-20 - (7 - 5)) - -20.
42
Evaluate -134 + (47 - -57) - -72.
42
Evaluate -96 - (15 - 51) - -40 - 17.
-37
What is the value of -46 + 44 + -51 - -94?
41
What is the value of (206 - (22 + 355)) + -1 + 19 + -1?
-154
18 + 12 + -49 - (8 + 0 + 0)
-27
What is the value of -95 + 85 + 49 + -56?
-17
-80 - (-16 + -1 - (-75 - (-22 + -19)))
-97
What is -44 - (74 - 117 - -38)?
-39
What is the value of -18 - (99 - (132 - 48))?
-33
What is 11 - (4 + -2) - (160 + (-184 - 63))?
96
What is -25 + -5 + 13 + 18?
1
Calculate 59 + (-27 - 11) - -4.
25
42 + (-70 - 114) - -52
-90
Calculate 16 + -16 - (-4 + 11 + (11 + -7 - 24)).
13
What is the value of -7 + -5 + (51 - (71 + -36) - (111 - 2))?
-105
Evaluate (-12 - (-40 - -22) - 1) + -45.
-40
2 + 9 - (7 - 7) - -18
29
What is 6 + (-7 - (-2 + -9)) + -42?
-32
What is 48 + -22 + -37 + (-1 - -7) + 59?
54
What is 25 + (29 - (28 - 117)) - (10 - (3 - 2))?
134
What is (-7 - 11) + -86 + 136 + -81?
-49
What is the value of 155 + (-8 - 37) + 12 + -3?
119
What is the value of -58 + -2 + (-13 - -37 - -16 - 28)?
-48
What is 117 - ((25 - (-58 + 74)) + 6 + -3)?
105
Evaluate 3 + -1 + 53 + -42 - 13 - -1.
1
What is -160 - (-58 + -42 + 14)?
-74
75 - 151 - (2 + 2 - ((10 - 6) + 6))
-70
Evaluate 12 + -2 + -4 + (-61 - 1) + -136 + 140.
-52
Evaluate (-12 - -3) + 1 + (-41 + 11 - -28) + 69.
59
What is the value of (-20 - -95 - 123) + 59?
11
Calculate -39 + (9 - 24 - -18) + (-21 - (-5 + -2)).
-50
0 + -2 + (5 - (2 - -2)) + (327 - 333)
-7
Evaluate 68 - (-36 + 17 + 30 - (0 - -3)).
60
What is the value of 680 + -730 - (0 + 12 + -1)?
-61
What is the value of 17 - (1 + (1 - 8) + (-3252 - -3258))?
17
What is the value of 2 - -25 - (151 - -10 - 140)?
6
Evaluate -189 + 184 - (-2 - 1 - (-14 + 8 + -6)).
-14
Calculate 30 - (-48 + 7 - -50).
21
(78 - 3) + (672 - 730)
17
What is the value of -42 - (21 - 75) - (1 + 2 + -47)?
56
What is -884 - -1047 - (-9 + (2 - 2 - -4) - -21)?
147
Evaluate -28 + -14 + (-1 - 4 - -29).
-18
What is (0 + -8 + 7 - 28) + 16?
-13
Evaluate 4 + -3 + 2 + (1069 - 1079) + (-2 - 75).
-84
(52 - 14) + 1 + -35 - (47 + 0 + 1)
-44
What is (-8 - -11 - (6 + -3)) + -20 - (-2 - -6)?
-24
What is the value of (2 - 3 - -64) + 779 + -799?
43
What is (-12 - -6) + (-7 - -7) + 4 - (22 - 84)?
60
(-3 - 3) + (-214 - -229) + 35
44
What is the value of -93 + (56 - 1) - 21?
-59
Evaluate 61 + (5 - (17 + 14 + -20)) + 9.
64
Evaluate 41 + 0 + -14 + (302 - 304) + -125.
-100
What is (-23 + -2 - ((30 - -31) + -67)) + 10?
-9
(-1 - -28 - (-187 + 250)) + -20
-56
Evaluate -44 + (-5 - (5 + 0 + 3)) + (25 - 9).
-41
Calculate 3 + -9 + -5 + -5 + -5 + 13.
-8
Calculate -79 - -2 - (132 - 213).
4
2 + (14 - 26) - -31
21
Evaluate 1610 - 1615 - (-1 - -16).
-20
Evaluate -1 + 3 + (-85 - -74) + (-36 - -74).
29
What is 38 - (-15 + 5 + -2 - (0 - 5))?
45
Evaluate 21 - (-30 + 24) - (1 + 31).
-5
What is 211 + -30 - (553 + -489)?
117
What is the value of 50 - (-211 + 216) - (175 - 0)?
-130
What is (-96 + 124 - (-14 + -5)) + -19?
28
What is -57 + -83 + 94 + 13?
-33
What is 18 + -29 + 1 + 43?
33
Evaluate (6 - -13 - 11) + -3 + -20 + -66 + 12.
-69
(3 - (1 - 5)) + (1057 - 1089)
-25
What is -30 - (-22 + 79 + -24 - 24)?
-39
What is the value of -10 - (-4 + 2) - (-1350 - -1299) - (2 - -6)?
35
Evaluate 27 - 48 - (-32 - -42).
-31
Evaluate 60 + 0 + -2 + 58 + 4 + -61.
59
What is -89 + 49 + 31 - (2 + -70 + -1 + 0)?
60
(-16 - -2) + 0 - (96 + -76)
-34
Evaluate -11 + (-60 - -29) - (8 - 1 - (-2 + 6)).
-45
What is the value of (-7 - 1) + (-12 - (2 + -14)) + -5 + 11?
-2
What is -51 + 22 - (12 + (-6 - -19))?
-54
Evaluate 409 + -400 - (-6 - 71).
86
Evaluate -55 + (6 + (-4 - 13) + 14 - 9).
-61
What is (-23 - -19 - 1) + (1 - -15) + -21?
-10
2 - 29 - (-75 + 132) - -12
-72
What is 77 - (-52 + -13 + 136)?
6
-65 + (-272 - -284) + (0 - -6 - 1)
-48
What is -8 + -7 + -4 + 8 + -2 + -31?
-44
(-24 - 12 - (31 - 42)) + 38
13
What is the value of (-24 + 26 - 12) + 73 - -1?
64
Evaluate 46 - (129 + (-40 - 16)).
-27
What is the value of -7 - (-121 + (13 - 1 - -3) - -15)?
84
Evaluate -47 - (-30 + 22 + 36).
-75
What is the value of 44 - (-23 - (-63 + 67))?
71
What is (176 - (98 + 84)) + -5 + 3 + 11 + -1?
2
What is (5 - 3) + -11 + -1 + -37 + 4?
-43
Evaluate (1 - (2 + 30)) + -2 + 23 + -193 + 167.
-36
What is 47 + 89 + -94 + -7?
35
Evaluate 70 + 3 + -19 + -128.
-74
Calculate -79 + ((29 + -19 - 37) + 38 - (-1 + 25)).
-92
What is (-8 - -2) + 64 - (-14 - -1 - (-243 + 230))?
58
69 - 69 - -74 - 122
-48
What is the value of 54 - (0 + -4 - -18 - (-3 - -11))?
48
Calculate 578 + -606 + (35 + 6 - 1).
12
Calculate 22 + 1 + 12 + 2 + -32 + (133 - 0).
138
What is the value of 3602 + -3603 - ((2 - -8) + -1)?
-10
What is the value of 7 + (-81 - (0 + -9 - (-19 - -27 - 11)))?
-68
What is the value of 63 + -1 - (-21 - (-96 + 37 + 37))?
61
(41 - 5) + (44 - -7) + -33
54
Calculate 2 - ((-31 + 0 - (-70 + 59)) + 13).
9
1 - -52 - (38 + 24 + -81 + 34)
38
Evaluate -18 + -15 + 36 - (-25 + 14).
14
Evaluate 21 - 1 - (137 + 17 + -76).
-58
What is 14 + 14 - (-8 + 16 - -53)?
-33
Calculate 58 - (11 - (-22 + 61)) - 25.
61
Evaluate -18 + 107 + 0 - 78.
11
What is the value of -1 + (0 + 0 - (531 + -526) - 14)?
-20
What is -15 - (33 + 16 + -27)?
-37
What is (22 - -1) + (5 + -19 - (41 + -2 + -47))?
17
-43 + 3 + 30 + (-52 - -1)
-61
What is (5 - (-13 + -6 + 15)) + -12 - -10?
7
Calculate 36 + 0 + 123 + (6 - 129).
36
Calculate 30 - 21 - 6 - (0 + (56 - 4)).
-49
Calculate -12 + 41 + -26 - -4.
7
Evaluate -7 + 0 - ((-49 - (-38 - -33)) + 21).
16
What is the value of 19 - (21 + -53 - -22 - -7)?
22
What is 42 + -1 + -1 - (-12 + -20 + 54 + -13)?
31
Calculate -46 - (33 + -150) - 42.
29
29 + (-4 + 1 - (1 - (7 - 3)))
29
(-17 + -4 + 14 - -13) + 58
64
Calculate -2 + 0 - (-13 + (85 - (-2 - (-6 - 6)))).
-64
-29 + 74 - (-28 - (-29 - -16))
60
Calculate (-31 + -7 - -11 - -6) + 8.
-13
What is (-8 - (10 - ((7 - -2) + 19)) - -25) + -4?
31
48 - (1 + 3) - (10 - (-24 - -25))
35
What is the value of -3 + 1 - (-39 - -76 - 36) - (-34 - -2)?
29
What is 28 - (-43 - -25) - 22?
24
(48 - -49) + (-270 - -216)
43
What is the value of 89 - -325 - 291 - (0 - -41)?
82
Calculate 5 + (53 - -3) + -38.
23
(32 - -22) + 5 + -52
7
What is -8 + 0 - (76 + -157)?
73
Evaluate -17 - (-8 - (-17 - -8 - 4) - 68).
46
(-111 - (69 + -146)) + (0 - -5 - -2)
-27
Calculate 29 - (0 - 1) - (2066 - 2016).
-20
Evaluate (595 - 576) + (-52 - 1) + 0 + -1.
-35
What is the value of 4 + (-2 + -7 - -2) - (26 + (34 - -13))?
-76
What is 7 + -15 + -17 - (14 + -32)?
-7
Evaluate 5 + -45 + (65 + -99 - -113).
39
(-2 + 2 - 1) + 15 - (-1066 - -1097)
-17
What is the value of -4 + (-7 - -91) - (231 + -204)?
53
134 + -177 - (-1 + -4 + 3 + -3)
-38
What is -93 - (-45 + -58 + 56)?
-46
Calculate (1 - (-2 + 10 + 1)) + (-12 - -34 - -29).
43
Evaluate 21 + (-9 + -4 + -37 - -20) - (-89 + 0).
80
Calculate -94 - (32 - 15) - -77.
-34
What is -2 - -194 - -2 - (68396 + -68349)?
147
What is (-7 - (1 - -2)) + (-1 - (-7 - -6))?
-10
What is (-3 - ((-4 - -5) + 10 - -2)) + (-41 - -43)?
-14
What is the value of -1 - ((-9 - -32 - 19) + (-12 - -4)) - -77?
80
What is (-1724 - -1577) + 77 + -5?
-75
What is (0 - 0) + (-5 - (38 - 21))?
-22
128 - ((35 - 3 - 6) + 0)
102
Evaluate -2 - -1 - (-29 - -49 - (-3 - -8)).
-16
(6 - (19 + -20 + 2 + -15)) + (13 - 2)
31
What is the value of 135 + (-73 + 0 - 7)?
55
What is the value of 0 - 0 - (755 - 759) - -14?
18
-8 + 8 + -1 + -2 + (-151 - -156)
2
Evaluate 1 + (-25 + 10 - -2) - -2 - 4.
-14
What is 5 + (-8 - -54) + -13?
38
What is 1 + 5 + -2 - (-22 + -2 + 15 + -4)?
17
What is the value of (-49 - -7) + -126 + 161?
-7
What is the value of 7 + -15 + (6 - 12) - 21?
-35
What is the value of -14 - (-38 - 23 - (9 + -15 + 21))?
62
What is the value of -42 - (-2 + -41) - 26?
-25
Evaluate (-17 - 1) + 976 + -968.
-10
What is -22928 + 22853 - (-11 - (-1 - 1 - (-8 - -5)))?
-63
Evaluate -9 - (0 + -14 + 36 + 0 + (-166 - -187)).
-52
(1 - (15 + -8 - (1 + 8))) + 